{"id":10,"date":"2011-03-04T13:26:04","date_gmt":"2011-03-04T13:26:04","guid":{"rendered":"http:\/\/teszt.alchimedia.hu\/wordpress\/?page_id=7"},"modified":"2024-09-12T13:45:51","modified_gmt":"2024-09-12T11:45:51","slug":"klubjaink-rendezvenyeink","status":"publish","type":"page","link":"https:\/\/www.ejg.hu\/oreg\/klubjaink-rendezvenyeink\/","title":{"rendered":"Csoportok, rendezv\u00e9nyek"},"content":{"rendered":"<p><img loading=\"lazy\" decoding=\"async\" src=\"http:\/\/www.ejg.hu\/oreg\/wp-content\/uploads\/rendezvenyek2-scaled-e1629110723332.jpg\" alt=\"\" width=\"470\" height=\"328\" class=\"alignnone size-full wp-image-4108\" \/><br \/>\nIskol\u00e1nkban m\u00e1r a korai id\u0151kt\u0151l kezdve fontos c\u00e9l volt, hogy az itt elt\u00f6lt\u00f6tt \u00e9vek alatt min\u00e9l t\u00f6bb olyan kapcsolat alakuljon ki iskol\u00e1nk \u00e9s a di\u00e1kok k\u00f6z\u00f6tt, ami az \u00e9retts\u00e9gi ut\u00e1n is egy\u00fctt tart k\u00f6z\u00f6ss\u00e9geket. Nemcsak a v\u00e9gzettek k\u00f6z\u00f6tti virtu\u00e1lis kapcsolattart\u00e1s, hanem a szem\u00e9lyes tal\u00e1lkoz\u00e1sok lehet\u0151s\u00e9g\u00e9nek biztos\u00edt\u00e1sa is fontos c\u00e9l. M\u00e1r most is l\u00e9teznek csoportok, akik rendszeresen tal\u00e1lkoznak, \u00e9s term\u00e9szetesen c\u00e9lunk az, hogy min\u00e9l t\u00f6bb ilyen kapcsolattart\u00e1si lehet\u0151s\u00e9g j\u00f6jj\u00f6n l\u00e9tre.<br \/>\nEbben v\u00e1rjuk a v\u00e9gzettek \u00f6tleteit is!<br \/>\n<!-- Moss L\u00e1szl\u00f3 1978-ban v\u00e9gzett \u00f6regdi\u00e1k <a href=\"mailto:mosslaci@gmail.com\" rel=\"noopener\" target=\"_blank\">mosslaci@gmail.com<\/a> \/  h\u00fasz 3169358\n--><\/p>\n<p><!--\n<em>\u201eAz angol p\u00e9ld\u00e1n kiindulva vez\u00e9rl\u0151 gondolatunk az volt, hogy az ifj\u00fas\u00e1got ment\u0151l t\u00f6bb sz\u00e1llal k\u00f6ss\u00fck az int\u00e9zethez. Ne csak tanulni j\u00e1rjon a di\u00e1k az iskol\u00e1ba, de tal\u00e1lja meg ott kor\u00e1nak minden nemes sz\u00f3rakoz\u00e1s\u00e1t, szokja meg az iskola r\u00e9v\u00e9n a t\u00e1rsadalmi \u00e9rintkez\u00e9st, \u00e9s ebben l\u00e1ssa praktikus alkalmaz\u00e1s\u00e1t azoknak a nemes eszm\u00e9nyeknek, amelyeket tanulm\u00e1nyai folyam\u00e1n megismert.\u201d (Kopp Lajos igazgat\u00f3nk 1921-b\u0151l)<\/em>\n\nMint azt az id\u00e9zet is mutatja, m\u00e1r a korai id\u0151kt\u0151l kezdve fontos c\u00e9l volt, hogy az iskolai \u00e9vek alatt min\u00e9l t\u00f6bb olyan kapcsolat alakuljon ki iskol\u00e1nk \u00e9s a di\u00e1kok k\u00f6z\u00f6tt, ami az \u00e9retts\u00e9gi ut\u00e1n is egy\u00fctt tart k\u00f6z\u00f6ss\u00e9geket. T\u00f6bb mint sz\u00e1z esztend\u0151s egyes\u00fclet\u00fcnknek nemcsak az \u00f6regdi\u00e1kok k\u00f6z\u00f6tti virtu\u00e1lis kapcsolattart\u00e1s, hanem a szem\u00e9lyes tal\u00e1lkoz\u00e1sok lehet\u0151s\u00e9g\u00e9nek biztos\u00edt\u00e1sa is fontos c\u00e9lja. M\u00e1r most is l\u00e9teznek csoportjaink, akik rendszeresen tal\u00e1lkoznak, \u00e9s term\u00e9szetesen c\u00e9lunk az, hogy min\u00e9l t\u00f6bb ilyen kapcsolattart\u00e1si lehet\u0151s\u00e9g j\u00f6jj\u00f6n l\u00e9tre.\n--><\/p>\n","protected":false},"excerpt":{"rendered":"<p>Iskol\u00e1nkban m\u00e1r a korai id\u0151kt\u0151l kezdve fontos c\u00e9l volt, hogy az itt elt\u00f6lt\u00f6tt \u00e9vek alatt min\u00e9l t\u00f6bb olyan kapcsolat alakuljon ki iskol\u00e1nk \u00e9s a di\u00e1kok k\u00f6z\u00f6tt, ami az \u00e9retts\u00e9gi ut\u00e1n is egy\u00fctt tart k\u00f6z\u00f6ss\u00e9geket. Nemcsak a v\u00e9gzettek k\u00f6z\u00f6tti virtu\u00e1lis kapcsolattart\u00e1s, hanem a szem\u00e9lyes tal\u00e1lkoz\u00e1sok lehet\u0151s\u00e9g\u00e9nek biztos\u00edt\u00e1sa is fontos c\u00e9l. M\u00e1r most is l\u00e9teznek csoportok, akik [&hellip;]<\/p>\n","protected":false},"author":1,"featured_media":0,"parent":0,"menu_order":30,"comment_status":"closed","ping_status":"closed","template":"","meta":{"ngg_post_thumbnail":0,"footnotes":""},"class_list":["post-10","page","type-page","status-publish","hentry"],"_links":{"self":[{"href":"https:\/\/www.ejg.hu\/oreg\/wp-json\/wp\/v2\/pages\/10","targetHints":{"allow":["GET"]}}],"collection":[{"href":"https:\/\/www.ejg.hu\/oreg\/wp-json\/wp\/v2\/pages"}],"about":[{"href":"https:\/\/www.ejg.hu\/oreg\/wp-json\/wp\/v2\/types\/page"}],"author":[{"embeddable":true,"href":"https:\/\/www.ejg.hu\/oreg\/wp-json\/wp\/v2\/users\/1"}],"replies":[{"embeddable":true,"href":"https:\/\/www.ejg.hu\/oreg\/wp-json\/wp\/v2\/comments?post=10"}],"version-history":[{"count":16,"href":"https:\/\/www.ejg.hu\/oreg\/wp-json\/wp\/v2\/pages\/10\/revisions"}],"predecessor-version":[{"id":4590,"href":"https:\/\/www.ejg.hu\/oreg\/wp-json\/wp\/v2\/pages\/10\/revisions\/4590"}],"wp:attachment":[{"href":"https:\/\/www.ejg.hu\/oreg\/wp-json\/wp\/v2\/media?parent=10"}],"curies":[{"name":"wp","href":"https:\/\/api.w.org\/{rel}","templated":true}]}}